{"id":14506,"date":"2021-03-02T01:53:33","date_gmt":"2021-03-02T08:53:33","guid":{"rendered":"https:\/\/interregva-bb-pl.eu\/?page_id=14506"},"modified":"2023-09-13T06:07:30","modified_gmt":"2023-09-13T13:07:30","slug":"85024516-2","status":"publish","type":"page","link":"https:\/\/interregva-bb-pl.eu\/pl\/85024516-2\/","title":{"rendered":"85024516"},"content":{"rendered":"<h3>Kultura, g\u0142upcze! Wzmocnienie strategicznego partnerstwa w obszarze kultury &#8211; etap I<\/h3>\n<p>&nbsp;<\/p>\n<p><strong><img decoding=\"async\" class=\"thumbnail alignleft\" src=\"https:\/\/interregva-bb-pl.eu\/wp-content\/uploads\/2021\/03\/85024516_WEB_Logo.png\" alt=\"\" \/>Partnerzy:<\/strong><br \/>\n&#8211; S\u0142ubicki Miejski O\u015brodek Kultury (BW)<br \/>\n&#8211; Messe und Veranstaltungs GmbH (Targi i Imprezy sp. z o. o.)<\/p>\n<p><strong>Dofinansowanie (EFRR):<\/strong> 273.181,27 EUR<\/p>\n<p><strong>Termin realizacji \/ Zeitraum<\/strong>: 01.09.2018-31.12.2022<\/p>\n<p><strong>Cel:<\/strong><br \/>\nG\u0142\u00f3wnym celem projektu jest stworzenie wsp\u00f3lnej i harmonijnie zintegrowanej przestrzeni us\u0142ug kulturalnych dopasowanych do potrzeb mieszka\u0144c\u00f3w dwumiasta oraz podnosz\u0105cych jego atrakcyjno\u015b\u0107 turystyczn\u0105. Harmonijny, pozbawiony barier, rynek us\u0142ug kulturalnych oraz wsp\u00f3lna komunikacja skierowana do mieszka\u0144c\u00f3w i go\u015bci dwumiasta s\u0105 podstaw\u0105 wieloletniego dzia\u0142ania, kt\u00f3rego szerszym celem jest budowanie tolerancyjnego, otwartego spo\u0142ecze\u0144stwa, \u017cyj\u0105cego w atrakcyjnym miejscu, b\u0119d\u0105cym najlepsz\u0105 egzemplifikacj\u0105 warto\u015bci wspieranych przez UE.<\/p>\n<p><strong><img loading=\"lazy\" decoding=\"async\" class=\"thumbnail alignright\" src=\"https:\/\/interregva-bb-pl.eu\/wp-content\/uploads\/2021\/03\/85024516_WEB_Foto.png\" alt=\"\" width=\"449\" height=\"299\" \/>Przyk\u0142ady dzia\u0142a\u0144 w projekcie:<\/strong><\/p>\n<ul>\n<li>Stworzenie jednolitego, transgranicznego kalendarza wydarze\u0144 kulturalnych<\/li>\n<li>Stworzenie zintegrowanej strategii komunikacji imprez w przestrzeni dwumiasta<\/li>\n<li>Ticketing &#8211; transgraniczna sprzeda\u017c bilet\u00f3w<\/li>\n<li>Wsparcie promocji \u201cmarek kulturalnych dwumiasta\u201d<\/li>\n<li>Warsztaty dla amator\u00f3w<\/li>\n<\/ul>\n","protected":false},"excerpt":{"rendered":"<p>Kultura, g\u0142upcze! Wzmocnienie strategicznego partnerstwa w obszarze kultury &#8211; etap I &nbsp; Partnerzy: &#8211; S\u0142ubicki Miejski O\u015brodek Kultury (BW) &#8211; Messe und Veranstaltungs GmbH (Targi i Imprezy sp. z o. o.) Dofinansowanie (EFRR): 273.181,27 EUR Termin realizacji \/ Zeitraum: 01.09.2018-31.12.2022 Cel: G\u0142\u00f3wnym celem projektu jest stworzenie wsp\u00f3lnej i harmonijnie zintegrowanej przestrzeni us\u0142ug kulturalnych dopasowanych do [&hellip;]<\/p>\n","protected":false},"author":140,"featured_media":0,"parent":0,"menu_order":0,"comment_status":"closed","ping_status":"closed","template":"","meta":{"site-sidebar-layout":"default","site-content-layout":"default","ast-site-content-layout":"default","site-content-style":"default","site-sidebar-style":"default","ast-global-header-display":"","ast-banner-title-visibility":"","ast-main-header-display":"","ast-hfb-above-header-display":"","ast-hfb-below-header-display":"","ast-hfb-mobile-header-display":"","site-post-title":"","ast-breadcrumbs-content":"","ast-featured-img":"","footer-sml-layout":"","theme-transparent-header-meta":"default","adv-header-id-meta":"","stick-header-meta":"","header-above-stick-meta":"","header-main-stick-meta":"","header-below-stick-meta":"","astra-migrate-meta-layouts":"set","ast-page-background-enabled":"default","ast-page-background-meta":{"desktop":{"background-color":"","background-image":"","background-repeat":"repeat","background-position":"center center","background-size":"auto","background-attachment":"scroll","background-type":"","background-media":"","overlay-type":"","overlay-color":"","overlay-opacity":"","overlay-gradient":""},"tablet":{"background-color":"","background-image":"","background-repeat":"repeat","background-position":"center center","background-size":"auto","background-attachment":"scroll","background-type":"","background-media":"","overlay-type":"","overlay-color":"","overlay-opacity":"","overlay-gradient":""},"mobile":{"background-color":"","background-image":"","background-repeat":"repeat","background-position":"center center","background-size":"auto","background-attachment":"scroll","background-type":"","background-media":"","overlay-type":"","overlay-color":"","overlay-opacity":"","overlay-gradient":""}},"ast-content-background-meta":{"desktop":{"background-color":"var(--ast-global-color-5)","background-image":"","background-repeat":"repeat","background-position":"center center","background-size":"auto","background-attachment":"scroll","background-type":"","background-media":"","overlay-type":"","overlay-color":"","overlay-opacity":"","overlay-gradient":""},"tablet":{"background-color":"var(--ast-global-color-5)","background-image":"","background-repeat":"repeat","background-position":"center center","background-size":"auto","background-attachment":"scroll","background-type":"","background-media":"","overlay-type":"","overlay-color":"","overlay-opacity":"","overlay-gradient":""},"mobile":{"background-color":"var(--ast-global-color-5)","background-image":"","background-repeat":"repeat","background-position":"center center","background-size":"auto","background-attachment":"scroll","background-type":"","background-media":"","overlay-type":"","overlay-color":"","overlay-opacity":"","overlay-gradient":""}},"footnotes":""},"class_list":["post-14506","page","type-page","status-publish","hentry"],"_links":{"self":[{"href":"https:\/\/interregva-bb-pl.eu\/pl\/wp-json\/wp\/v2\/pages\/14506"}],"collection":[{"href":"https:\/\/interregva-bb-pl.eu\/pl\/wp-json\/wp\/v2\/pages"}],"about":[{"href":"https:\/\/interregva-bb-pl.eu\/pl\/wp-json\/wp\/v2\/types\/page"}],"author":[{"embeddable":true,"href":"https:\/\/interregva-bb-pl.eu\/pl\/wp-json\/wp\/v2\/users\/140"}],"replies":[{"embeddable":true,"href":"https:\/\/interregva-bb-pl.eu\/pl\/wp-json\/wp\/v2\/comments?post=14506"}],"version-history":[{"count":7,"href":"https:\/\/interregva-bb-pl.eu\/pl\/wp-json\/wp\/v2\/pages\/14506\/revisions"}],"predecessor-version":[{"id":18084,"href":"https:\/\/interregva-bb-pl.eu\/pl\/wp-json\/wp\/v2\/pages\/14506\/revisions\/18084"}],"wp:attachment":[{"href":"https:\/\/interregva-bb-pl.eu\/pl\/wp-json\/wp\/v2\/media?parent=14506"}],"curies":[{"name":"wp","href":"https:\/\/api.w.org\/{rel}","templated":true}]}}

<h3>Kultura, głupcze! Wzmocnienie strategicznego partnerstwa w obszarze kultury &#8211; etap I</h3>
<p>&nbsp;</p>
<p><strong><img decoding="async" class="thumbnail alignleft" src="https://interregva-bb-pl.eu/wp-content/uploads/2021/03/85024516_WEB_Logo.png" alt="" />Partnerzy:</strong><br />
&#8211; Słubicki Miejski Ośrodek Kultury (BW)<br />
&#8211; Messe und Veranstaltungs GmbH (Targi i Imprezy sp. z o. o.)</p>
<p><strong>Dofinansowanie (EFRR):</strong> 273.181,27 EUR</p>
<p><strong>Termin realizacji / Zeitraum</strong>: 01.09.2018-31.12.2022</p>
<p><strong>Cel:</strong><br />
Głównym celem projektu jest stworzenie wspólnej i harmonijnie zintegrowanej przestrzeni usług kulturalnych dopasowanych do potrzeb mieszkańców dwumiasta oraz podnoszących jego atrakcyjność turystyczną. Harmonijny, pozbawiony barier, rynek usług kulturalnych oraz wspólna komunikacja skierowana do mieszkańców i gości dwumiasta są podstawą wieloletniego działania, którego szerszym celem jest budowanie tolerancyjnego, otwartego społeczeństwa, żyjącego w atrakcyjnym miejscu, będącym najlepszą egzemplifikacją wartości wspieranych przez UE.</p>
<p><strong><img loading="lazy" decoding="async" class="thumbnail alignright" src="https://interregva-bb-pl.eu/wp-content/uploads/2021/03/85024516_WEB_Foto.png" alt="" width="449" height="299" />Przykłady działań w projekcie:</strong></p>
<ul>
<li>Stworzenie jednolitego, transgranicznego kalendarza wydarzeń kulturalnych</li>
<li>Stworzenie zintegrowanej strategii komunikacji imprez w przestrzeni dwumiasta</li>
<li>Ticketing &#8211; transgraniczna sprzedaż biletów</li>
<li>Wsparcie promocji “marek kulturalnych dwumiasta”</li>
<li>Warsztaty dla amatorów</li>
</ul>

<p>Kultura, głupcze! Wzmocnienie strategicznego partnerstwa w obszarze kultury &#8211; etap I &nbsp; Partnerzy: &#8211; Słubicki Miejski Ośrodek Kultury (BW) &#8211; Messe und Veranstaltungs GmbH (Targi i Imprezy sp. z o. o.) Dofinansowanie (EFRR): 273.181,27 EUR Termin realizacji / Zeitraum: 01.09.2018-31.12.2022 Cel: Głównym celem projektu jest stworzenie wspólnej i harmonijnie zintegrowanej przestrzeni usług kulturalnych dopasowanych do [&hellip;]</p>
